h?
2
Let y be (-8)/24 + 170/6. Suppose -2*v + y = -14. What is the units digit of v?
1
Let p(m) = -m**3 - 3*m**2 - m - 5. What is the units digit of p(-4)?
5
Let l(r) = 3*r**2 - 12*r + 6. What is the tens digit of l(8)?
0
Suppose d - 870 = 6*d. What is the units digit of 9/(-15) + d/(-15)?
1
Let u = 0 + 2. What is the units digit of u?
2
Let v = -3 - -6. Suppose 6 = -v*m + 4*m + 5*d, 2*d = 5*m - 57. Suppose 2*z + m - 27 = 0. What is the units digit of z?
8
Let a(y) = y**3 + 11*y**2 - 15*y - 1. Let z be 6/45 + (-910)/75. What is the tens digit of a(z)?
3
Let l(u) be the first derivative of u**3/3 + 5*u**2/2 - 8*u + 1. Let j be l(-7). Let c = -5 + j. What is the units digit of c?
1
Let q(d) = d**3 + 12*d**2 + 1. Let y be q(-12). Let l = y - -4. What is the units digit of l?
5
Suppose 7*h = 5*h + 118. What is the tens digit of h?
5
Suppose -5*r + 0*r = 2*h - 7, 4*r - 12 = 0. Let t(m) = -m**3 - 2*m**2 + 3*m - 2. Let u be t(2). What is the units digit of ((-2)/h)/((-1)/u)?
6
Let q = 21 + 11. What is the tens digit of 4/(-6) + q/3?
1
Let q(k) = k**2 - k + 1. Let x(u) = 6*u**2 - 3*u + 2. Let n(p) = -5*q(p) + x(p). Let v(i) = i**3 - 4*i**2 - i. Let m be v(4). What is the units digit of n(m)?
5
Suppose 0 = -9*f + 1396 + 197. What is the units digit of f?
7
What is the tens digit of 0*(-1)/4 + 15?
1
Suppose -l + 7 = d, l - 3*d = 2*l - 1. What is the tens digit of l?
1
Let o be (-4)/(-14) - (-2)/(-7). Suppose o = -4*h - 2*m + 12, -h + 7 + 2 = -m. Suppose 10 = 3*a + 4*g, -3*a + h*g - 17 = -72. What is the tens digit of a?
1
Let s(b) = b**2 + 7*b - 4. What is the tens digit of s(-9)?
1
What is the hundreds digit of 4/32 - ((-1199)/8 + -1)?
1
Suppose 4*r - 53 - 31 = 0. Let q = r - 9. What is the tens digit of q?
1
Suppose 18 + 18 = 2*z. What is the tens digit of z?
1
Suppose 5*h + 12 - 111 = -3*w, 0 = -2*h + w + 44. Let x be (40/(-6))/((-7)/h). Suppose 7*i - 3*i - 14 = -2*q, 0 = 5*i + 2*q - x. What is the units digit of i?
6
Let n = -7 + 5. Let x be (-3)/(-2) - n/4. Suppose -x*u + 0*v = 3*v - 12, -u = v - 5. What is the units digit of u?
3
Suppose -5*v + 3*v = 8. Let c be v - 0 - (2 - 0). What is the units digit of (-1)/(-2) + (-51)/c?
9
Let l(u) = u**3 + 6*u**2 + 3*u + 5. What is the tens digit of l(-5)?
1
Let m(d) = d**3 + 9*d**2 + d + 12. Let o be m(-9). Suppose -15 = -2*i - o*y, 0 = -4*i - 5*y + 3*y + 50. Let s = -6 + i. What is the units digit of s?
9
Let u = -36 + 51. Suppose 0 = f + 2*i - 20, -2*f + 13 = i - u. What is the units digit of f?
2
Let m = 3 - -3. Let g = m + -8. What is the units digit of (g - -13)*(5 + -4)?
1
Let x(f) be the second derivative of 2/3*f**3 - 2*f**2 + f + 0. What is the units digit of x(3)?
8
Let x(z) be the third derivative of 5*z**4/24 - z**3 - 10*z**2. What is the units digit of x(6)?
4
Let k = 6 - 5. What is the units digit of 2 - (2 - k) - -1?
2
Suppose -2*f = -17 - 3. Suppose -z - f = -2*z - 4*k, -3*z + 85 = k. What is the tens digit of z?
3
Suppose 0 = 19*m - 17*m - 288. What is the tens digit of m?
4
Let i = 1 + 85. What is the tens digit of i?
8
Let v = 43 + 2. Suppose -7*h + v = -2*h. Suppose 3*i = 3*l - 5*l + 13, 3*l - 5*i + h = 0. What is the units digit of l?
2
Let y = 5 - 9. Let x(z) be the third derivative of -z**4/24 - z**3/3 - z**2. What is the units digit of x(y)?
2
Let g(b) = b**2 + b + 8. What is the units digit of g(-10)?
8
Suppose -1 = -3*r - 5*f + 3, -4*r + 10 = 2*f. Let v be 8/6 + (-1)/r. Suppose 11 = a - 3*g, -4*a - 2*g + v + 1 = 0. What is the units digit of a?
2
Let v(g) = g**3 - 11*g**2 + 8*g + 11. What is the units digit of v(11)?
9
Suppose 0 = 5*x - 4*j - 86, 4*x + 35 = 2*j + 105. What is the units digit of x?
8
Suppose 5*p - 1399 = w, -6*p - 4*w + 821 = -3*p. What is the hundreds digit of p?
2
Let b = -11 - -16. Suppose 2*h + 0*h + 4*z = 18, 3*z = -6. Suppose 3*l + 2*a + a = 9, -2*l + h = -b*a. What is the units digit of l?
4
Let f = -10 - -11. Let u be (f + -5)*(-2)/4. Suppose u*j + 12 = m, 7*j + 36 = 3*m + 3*j. What is the tens digit of m?
1
Suppose 395 = 5*q + 5*d, -5*q + d + 405 = -4*d. What is the units digit of q?
0
Let m = -64 + 91. Let x = m - -3. What is the units digit of x?
0
Let u(d) = -2*d + 1. Let v be u(3). Let x = v + 7. Let a = 5 - x. What is the units digit of a?
3
Let l = -71 + 105. What is the tens digit of l?
3
Suppose 5*t - 358 = z, 5*t - 27 - 319 = -3*z. Let f = t + -47. What is the units digit of -2 - f/(-3) - 1?
5
Let q be -1 - 4/(4/5). What is the units digit of (3/4)/(q/(-16))?
2
Suppose -6*a - 5*b + 730 = -a, 5*b = 4*a - 629. Suppose -a = -4*x - 15. What is the units digit of x?
4
Let p(n) = -n**3 - 11*n**2 + 11*n + 14. Let q be p(-12). Let t = q + -13. What is the units digit of t?
3
Suppose -4*t = 14 + 2. Let v(l) = l**3 - l**2. Let x(b) = -3*b**3 - 3*b**2 - 7*b - 4. Let d(n) = 2*v(n) + x(n). What is the units digit of d(t)?
8
Suppose -2*x - 5*y + 121 = 0, 3*x - 119 = x - 3*y. What is the tens digit of x?
5
Let r(x) = -x**3 - 4*x**2 - 2*x + 14. What is the units digit of r(-6)?
8
Let i = -3 + 5. Suppose -5*k = i*h + 6, 2*k - h - 3 = 3*k. Suppose -5*u + 10 = -k. What is the units digit of u?
2
Suppose -4*u + u + 6 = 0. Suppose 6*o - u*o = 44. What is the units digit of o?
1
Let a = -33 - -171. What is the hundreds digit of a?
1
Let x = -2 + 4. Suppose 2 = -2*q - u, -x*u - 2 = 3*q + 1. Let b = q - -8. What is the units digit of b?
7
Let c = 0 + 5. Let t = c + -4. Let x = 0 + t. What is the units digit of x?
1
Let f(i) = -3*i + 91. What is the units digit of f(0)?
1
Let g = -3 - -4. What is the units digit of g?
1
Suppose 0 = 3*i - 0*i - 12. Let r be 2/i + (-4)/8. Suppose r = -y + 1 + 2. What is the units digit of y?
3
Let r be 2 - (6/(-3) - 2). Suppose 3*u + 15 = r*l - 2*l, 2*l - 5 = u. Suppose l = -m + 4*y - 16, -4*m - 5*y + 54 = 13. What is the units digit of m?
4
Suppose -3*i + 5*y = 5, -5*y = -i - 0*y - 15. Let q = 11 - 8. Suppose -4*d = -2*c + q*c - 9, 5*c = -i*d. What is the units digit of d?
3
Suppose -3*t = -4*b + 18, -4*t + 26 = 4*b - 3*t. What is the units digit of b?
6
Suppose a = -3*a + 2*h + 100, -3*h = 2*a - 50. Let i = -1 + a. What is the units digit of i?
4
Let r be (-8)/(-6)*27/2. Suppose k - 4*k + f = -8, -4*f = -5*k + r. What is the units digit of k?
2
Suppose -856 = -7*f + 530. What is the tens digit of f?
9
Suppose -22*m + 23*m = 51. What is the tens digit of m?
5
Suppose 8 = n + 3*f, -3*n - 3*f - 7 = -5*n. What is the tens digit of 6*n + 3 + 3?
3
Suppose 5*b - 8*b = 3. What is the tens digit of (16 - b)/(1/2)?
3
Let g(q) = -29*q + 1. Let b be g(-1). Let o = b - -3. Suppose 0 = -v + 4*v - o. What is the tens digit of v?
1
Suppose 4*p = -2*y - 3*y + 11, 4*y + 5*p - 7 = 0. Suppose -y*w = -12 - 18. What is the tens digit of w?
1
What is the units digit of 5/((-26)/(-12) + -2)?
0
Suppose -7*q - 12 = 3*s - 4*q, 0 = -4*s - 5*q - 19. What is the tens digit of ((-29)/(-3))/(s/(-3))?
2
Let t = -149 - -244. What is the tens digit of t?
9
Let h = 125 + -67. What is the units digit of h?
8
Let k(s) = s**3 - s**2 + 7*s - 11. What is the tens digit of k(5)?
2
Let x(v) = 89*v**2 - 1. What is the units digit of x(1)?
8
Suppose 0 = -7*f + 178 + 193. What is the tens digit of f?
5
Let q(c) = c**2 + c - 18. What is the units digit of q(-8)?
8
What is the tens digit of 2/7 + (-328)/(-28)?
1
Let b(o) = o**3 - 9*o**2 - 18*o - 17. What is the tens digit of b(11)?
2
Suppose -5*m = -l - 0*l - 13, 4*l + 4*m - 20 = 0. Let d = 12 + l. What is the tens digit of d?
1
Let v(z) = -z + 1. Let n(h) = -3*h + 12. Let a(l) = n(l) - 4*v(l). Let d be a(-4). Suppose -u + d = -2. What is the units digit of u?
6
Let u = -17 - -7. Let g be (-1208)/(-20) + 4/u. Suppose -g = -9*p + 4*p. What is the units digit of p?
2
Suppose -6*p + 3*p + 6 = 0. What is the units digit of (3 - 5)*(-3)/p?
3
Suppose -15*a = -84 - 156. What is the units digit of a?
6
Suppose 4*s = s + 30. Suppose r = 6*r - s. Suppose 0 = -x - 5*p + 12, -x + 3 = r*p - 6. What is the units digit of x?
7
Let v = 27 + -13. What is the tens digit of v?
1
Suppose 4*m - 33 = -5. Suppose 3 = -2*o + m. Suppose -l = -o*s - 10, -s - 21 = -3*l + 2*s. What is the units digit of l?
4
What is the hundreds digit of 412 + (-5)/((-5)/(-2))?
4
Let n be (7/(-14))/((-2)/8). What is the tens digit of 3/n*(-190)/(-15)?
1
Let l be 1 + 1 - (63 -